?
6
Suppose -13*m - 870 = -10*m. Let c = 406 + m. What is the units digit of c?
6
Suppose -2*q - 4*f = -28, 5*q - f = 3*f + 28. Suppose 0 = -y - q + 70. What is the tens digit of y?
6
Let r(w) be the third derivative of -w**6/120 - w**5/20 + w**4/6 + 2*w**3/3 + 32*w**2. What is the units digit of r(-4)?
4
Let b(a) be the first derivative of 851*a**2/2 + a - 7. Let p be b(-1). What is the tens digit of (-1)/3 + p/(-30)?
2
Let g(b) = 10*b**2 - 13*b - 3. Let y be g(9). Suppose -9*l - 123 + y = 0. What is the units digit of l?
3
Suppose 0 = 5*t - 2*k - 3560, 4*k + 2150 = 3*t - 0*t. What is the units digit of t?
0
Let g be (-2)/(-6) + 22/(-3). Let k = g - -10. What is the units digit of k?
3
Let a = 1450 - 758. What is the hundreds digit of a?
6
Suppose -3*h = -n + 3 - 12, 3*h = -2*n + 9. Let p be n + -51 + -3 - -1. Let j = p - -90. What is the tens digit of j?
3
Let x(c) = -c**2 - 8*c - 5. Let w = 4 + -11. Let m be x(w). Suppose 5*l = 3*f - m*f + 59, -5*l - 5*f = -65. What is the units digit of l?
2
Let c(a) = 7*a**2 + a. Let i be c(2). Suppose -4*x = -0*x - 3*z - i, 5*z - 10 = 0. Suppose 7 = 2*j - x. What is the units digit of j?
8
Suppose -w + 3*c - 7 = 0, 3*c - 10 = -2*w + 3. Suppose -w*q + 6 = -3*q. Let g = 16 + q. What is the units digit of g?
0
Suppose -5*x = -o + 125 - 6, 3*x = o - 123. Let p = o + 55. What is the hundreds digit of p?
1
Suppose 3*d = -12310 + 3700. What is the tens digit of d/(-15) + (-2)/(-3)?
9
Suppose 4320 = 19*r - 11*r. What is the hundreds digit of r?
5
Let l(w) = 5*w - 1. Let r(j) = 6*j - 2. Let x(c) = -6*l(c) + 4*r(c). Let v be 0 + -1 - (-6 - -9). What is the tens digit of x(v)?
2
Suppose 1228 = -7*m + 11*m. Suppose -m = -7*f + 99. What is the units digit of f?
8
Let s = 317 - 177. Let i(l) = -l + 12. Let k be i(0). What is the tens digit of s/k + 3/9?
1
Suppose 32*n = 16*n + 5536. What is the units digit of n?
6
What is the units digit of 19552/54 + (-60)/810?
2
Let y = 228 - 22. What is the tens digit of y?
0
Let u = 17 + -8. Let c = u + 4. Let w = c + -9. What is the units digit of w?
4
Suppose -503 = -n + 5*i - 2*i, 4*i - 1932 = -4*n. Suppose -2*r + 2*f - n = -7*r, -3*f + 12 = 0. What is the units digit of r?
6
Suppose -5*j + 10760 = 5*a, 10*a - 13*a = 5*j - 10752. What is the tens digit of j?
4
Let k be (36/(-24))/((-1)/2). Let i(x) = -x**2 + 6*x - 7. Let w be i(k). Let u = w - -16. What is the units digit of u?
8
Suppose -20*a + 377 = -19*a. What is the units digit of a?
7
Let s(m) = -5*m**2 + 0*m**2 - 5*m + 0*m**2 + 6*m**2. Let b be s(5). Suppose 0*v + 5*v - 15 = b, -5*f + 32 = 4*v. What is the units digit of f?
4
Suppose -1541 = -16*i + 1915. What is the hundreds digit of i?
2
Let r(l) = 13*l + 306. What is the units digit of r(29)?
3
Let p(t) = t**3 - 4*t**2 + 3*t - 10. Let f be p(4). Suppose f*a - h + 2*h = 128, -5*a - 3*h = -321. What is the tens digit of a?
6
Let b(y) = 11*y - 15. Let f be b(12). Let m = -56 + f. What is the tens digit of m?
6
Let m(n) = 306*n + 90. What is the units digit of m(5)?
0
Let l = 5155 - 2377. What is the tens digit of l?
7
Suppose 5*n = -22*i + 23*i - 2239, 2*n = -4*i + 8890. What is the units digit of i?
4
Suppose -5*q + 240 = -0*q. Suppose q = r - 7. What is the units digit of r?
5
Suppose 3*x - 6 = 0, 3*w = 7*w + 4*x. Let k be 2/(w/(-1)) - -2. Suppose -2*p + k*h = 2*h - 6, 17 = 5*p - 3*h. What is the units digit of p?
1
Suppose -3030 = -2*x - 2*d + 958, -5992 = -3*x + 2*d. What is the hundreds digit of x?
9
Let f = 14 - 16. Let j(b) = -18*b**3 - 4*b**2 - 4*b - 2. Let r be j(f). Suppose 0 = -4*i + 8*i - 2*z - r, -4*i + z = -133. What is the units digit of i?
3
Suppose -1026 = -2*u - 272. Suppose 0 = 4*s - o + 301, 2*s + 3*s = 2*o - u. What is the tens digit of (6/15)/((-3)/s)?
1
Let b be 11/4 + 1/4. Let k = -7 - b. Let x = 2 - k. What is the tens digit of x?
1
Suppose -4*o - 22 = -2*t + 2, -4*t = -5*o - 33. Suppose 3*b - 27 = -5*f + t*f, -3*b + 17 = 5*f. What is the units digit of b?
4
Suppose j - 19 = 39. Suppose 0 = -o - o + j. What is the tens digit of o*((-2)/(-1))/2?
2
Let s(l) = -39*l - 3. Let i(o) = 13*o + 1. Let w(m) = 17*i(m) + 6*s(m). What is the units digit of w(-6)?
7
Suppose -5*v + a + 125 + 31 = 0, 0 = 2*v - 4*a - 66. Suppose w = 6*w + 10. What is the tens digit of (0 + -1 - w)*v?
3
What is the units digit of 171/27 - (-1 - (-3)/9)?
7
What is the thousands digit of (27 - 0)*5608/36?
4
Suppose f = -2*a - 2*f + 104, 182 = 3*a - 2*f. Suppose y + 0*y = a. What is the tens digit of y?
5
What is the tens digit of 216/((-57)/9 + 7)?
2
Suppose 0 = -4*j - 66 + 206. Suppose x - 5*f = 25, 5*f + j = 3*x - x. Suppose -3*t + 0*t + x = -2*d, -d = -4*t + 15. What is the units digit of t?
4
Suppose -2*y = q + 20, 0 = 3*q - 7*q + 8. Let r(i) = -i**3 - 10*i**2 - 10*i - 36. What is the hundreds digit of r(y)?
1
Suppose 0 = 3*b - 2*i + 107, 5*b + i + i = -157. Let d be (-1 + 19)*5/(-10). Let t = d - b. What is the tens digit of t?
2
Let w(j) = -j**2 - 9*j + 31. Let q be w(-11). Suppose 6*l - 88 = 2*l. Let f = l - q. What is the tens digit of f?
1
Let n(b) = -5 - 6 + b**2 - 2*b**2 + 11*b. Suppose 0 = -3*i - 4*a + 40, 0 = -5*i + a + 17 + 19. What is the units digit of n(i)?
3
Suppose 6*q + 6 = 3*q. What is the units digit of (0 - q)/((-16)/(-744))?
3
Let n(w) = 12*w**2 + 18*w + 14. What is the tens digit of n(-7)?
7
Let c(p) = 22*p - p**2 - 52 + 88 - 50. What is the tens digit of c(18)?
5
Let f(b) = -b + 12. Let k be f(12). Suppose t = -5*n + 99 + 29, k = 3*n - t - 72. What is the units digit of n?
5
Let f(j) = -j**2 + 3*j + 3. Let o be f(3). Suppose x - o*s = 10, -4*x + 3*s - 2 = -6*x. What is the units digit of (13/x)/((-2)/(-32))?
2
Let j(c) be the first derivative of -93*c**4/2 + c**3/3 - c**2/2 - 2*c - 32. What is the tens digit of j(-1)?
8
Let o(p) = -8*p**2 - 2*p. Let t be o(-2). Let r be (-3)/(-4) - (-3325)/t. What is the units digit of (-2)/(r/(-60) - 2)?
0
Suppose -3*g + 5*b = -2682, 3*g = -7*b + 11*b + 2679. What is the hundreds digit of g?
8
Let t = -58 + 70. Let q(x) = x + 7. Let d be q(-5). Suppose 3*z = -k + 39, d*k = -2*k - t. What is the tens digit of z?
1
Let b = -148 - -247. Suppose -4*u - 4*a = -348, 2*u - u - b = -5*a. What is the tens digit of u?
8
Let d(h) = -34*h + 481. What is the tens digit of d(-24)?
9
Let c(q) = q**2 + 11*q - 29. Let h be c(-13). Let m(f) be the third derivative of -3*f**4/8 + f**3/2 + f**2. What is the units digit of m(h)?
0
Suppose -4*o + 1995 = 3*b, -3*o + 262 = -4*b - 1253. What is the hundreds digit of o?
5
Let u be ((-3)/(-2))/(12/208). Let k = u + -41. Let o = k - -16. What is the units digit of o?
1
Let b(p) = -p**3 + 9*p**2 + 10*p + 6. Let j be b(10). Suppose r = -j*r + 14. Suppose r*x + 3 = 29. What is the tens digit of x?
1
Let f(k) = -k**3 + 2*k**2 - 7*k. Let s be f(7). What is the units digit of s/(-21) - (3 + -1)?
2
What is the hundreds digit of 1227/(63/7 + -6)?
4
What is the units digit of 10*8/(-16) - -763?
8
Let o(q) = 11*q + 1. Let d be o(-1). Let b = d - -12. Suppose 6 = b*r - 58. What is the units digit of r?
2
Let m(g) = g**3 + 5*g**2 + g - 6. Let v be m(-5). Let y = 939 - 885. Let d = y + v. What is the units digit of d?
3
Let k = 5 + 11. Let b = 33 + k. What is the units digit of b?
9
Let v = 17 - 14. Suppose 11*f - 10*f + v = 0. What is the units digit of (-4 + 3)/(f/6)?
2
Suppose -v + 382 = 35. What is the hundreds digit of v?
3
Suppose 5145 - 917 = 7*i. What is the tens digit of i?
0
Let p be -1*(4 + -1*87). Suppose 0 = 5*s - 137 - p. What is the units digit of s?
4
Let g = -1021 - -1556. What is the tens digit of g?
3
Suppose -5*h = -2*x + 681, -7*x = -4*x + 4*h - 964. What is the hundreds digit of x?
3
Let r(z) = -z + 47. Suppose 0 = 5*c - 8*c. Let m be r(c). Let a = m + -28. What is the units digit of a?
9
Suppose 31*x + 12*x = 72455. What is the thousands digit of x?
1
Let z(g) = 31*g**2 + 11*g + 3. What is the hundreds digit of z(-3)?
2
What is the thousands digit of -12 - 15*3493/(-21)?
2
What is the units digit of 14569050/6150 - (-2)/41?
9
Let t = 151 + 30. What is the hundreds digit of t?
1
Let m(a) = -5*a + 3. Let s be m(2). Let z(t) = -10*t + 15. Let p be z(s). Let b = -39 + p. What is the units digit of b?
6
Let w = 15 - 16. What is the units digit of w/(-1) - -5*8?
1
Let b be 1/(-3 + 1)*-24. Let